-4*p = 4*h - 748. What is the remainder when 212 is divided by h?
24
Suppose -3*v - 2*n = -n - 17, -2*n + 6 = -v. Let t be ((-2)/v)/((-10)/20). Let g(q) = 9*q**2 - q + 1. What is the remainder when 16 is divided by g(t)?
7
Let y = 57 - 10. Let f = -256 - -246. What is the remainder when y is divided by (25 - -2) + f + 7?
23
Let b(c) = -2*c**3 - 16*c**2 - 51*c - 222. What is the remainder when b(-8) is divided by 35?
11
Suppose -4*r + r = 5*x - 40, -20 = -3*r - x. Let z be -3*r/15*-7. Suppose 126 + 84 = z*p. What is the remainder when 118 is divided by p?
28
Suppose -13*q - 58 = -71. Calculate the remainder when 90 is divided by q.
0
Let q(z) = -z**2 - 13*z + 258. Let i be q(11). Let j(l) = l**2 + 2*l - 16. Calculate the remainder when 100 is divided by j(i).
4
Let t be -2 + ((-177)/57 - 4/(-38)). Calculate the remainder when 2645/35 + 8/(-14) is divided by t*(0 + (-3)/6*16).
35
Suppose -74*w + 18*w = -27216. Calculate the remainder when w is divided by 168.
150
Suppose 59*l - 146 = 208. What is the remainder when 315 is divided by l?
3
What is the remainder when ((-3)/(-15)*42)/(5/450) is divided by 47?
4
Suppose -2*i - 18 = 6. Calculate the remainder when 4/6 + (-1036)/i is divided by 24.
15
Suppose -4*t = -16 - 24. What is the remainder when -3*(-7)/((-210)/(-1070)) is divided by t?
7
Let i(w) = w**3 + 10*w**2 - 93*w - 641. Let q(j) = -3*j**3 + j**2 + 2*j + 2. Calculate the remainder when i(-8) is divided by q(-2).
23
Let y(h) = 568*h**2 - 506*h + 2. What is the remainder when y(4) is divided by 16?
10
Let n = -128 + 118. Calculate the remainder when 78 is divided by (35/7)/n + 142/4.
8
Suppose -3*i + 246 = -3*r, i - 4*r - 78 = -r. Suppose -i = -28*u + 22*u. What is the remainder when 23 is divided by u?
9
Calculate the remainder when ((-111)/5)/((-207)/345) is divided by 4.
1
Let f = 175 + -4. Suppose -117*k - 1128 = -323*k + 3404. What is the remainder when f is divided by k?
17
Suppose -12*g + 10*g = 58*g - 14220. Calculate the remainder when g is divided by 60.
57
Suppose 0 = -5*i + 17*i - 19344. Suppose -22*u + 82 = -i. What is the remainder when 140 is divided by u?
63
Suppose 4*d - 98 + 14 = 0. Suppose -q = -3 - 15. Let i = d - q. What is the remainder when i is divided by 3?
0
Let v be 3/((-30)/4) + (-16812)/(-30). Suppose l - 41*l = -v. Calculate the remainder when (-2)/6*-1*123 is divided by l.
13
What is the remainder when -16 + 5 - 1*(9 - 963) is divided by 25?
18
Let n(o) = 8*o**3 - 2*o**2 + 3*o - 4. Let u be n(2). Suppose 4*c + u = 5*c. Calculate the remainder when c is divided by (-1)/3*(-57 + -3).
18
Let v(y) = y**2 + 148*y + 4388. Calculate the remainder when v(-117) is divided by 105.
26
Let y(f) = -f**2 - 59*f + 146. Let h be y(-37). Let b = -684 + h. What is the remainder when b is divided by 72?
60
Suppose -4*k + 46 = -17*f + 19*f, 3*k - 3*f - 39 = 0. What is the remainder when 441 is divided by k?
9
Suppose 0*w = 2*w - 238. Let i(t) = t**3 + 72*t**2 - 159*t - 753. Calculate the remainder when w is divided by i(-74).
58
Suppose 59 = 13*u + 20. Suppose 1026 = j - 2*f, -5*j + f + 5118 = -u*f. What is the remainder when j is divided by 64?
62
Let q(m) be the second derivative of 5*m**4/6 - m**2/2 + 4*m. Let b = 164 - 160. Calculate the remainder when q(1) is divided by b.
1
What is the remainder when (665 - -8) + (-12 - (-96)/8) is divided by 75?
73
Suppose 0 = 3*k - 249 + 75. Let l = 54 - k. What is the remainder when (5 + -3)/(l/(-222)) is divided by 23?
19
Suppose -4*j - 5*z = 26, -2*j + 7*j + 39 = -3*z. Let d = 57 + j. What is the remainder when 90 is divided by d?
42
Suppose -318*y + 1080*y - 17158 - 19081 = -6521. Suppose -5*x = -0*x + 5. Calculate the remainder when 1*150 + (-1)/x is divided by y.
34
Let s be 222/8 + (-2)/(-8). Let l = s - 20. What is the remainder when 33 is divided by (18/l)/(5/20)?
6
Suppose -19*l - 19*t + 2675 = -23*t, 2*l - 285 = -3*t. What is the remainder when 1130 is divided by l?
2
Let n(k) = -5*k + 17. Calculate the remainder when n(-13) is divided by (84 - 85) + (45 - 1).
39
What is the remainder when 171028/690 + (-6)/(-45) is divided by 52?
40
Let i = -14705 - -14785. What is the remainder when i is divided by 25?
5
Let u(w) = -w**2 - 117*w - 431. Calculate the remainder when (1 + 86/(-5))*-5 is divided by u(-113).
18
Let q(y) = 14*y - 81. Let p be q(6). Calculate the remainder when (13 - -3)/(-4) + (p - -46) is divided by (-28)/(-98) - (-110)/7.
13
Let f = -3020 - -3029. What is the remainder when 826 is divided by f?
7
Suppose 86 = 2*f + 2*v, -4*f + 214*v - 211*v = -116. Calculate the remainder when 66 is divided by f.
31
What is the remainder when (126/24)/(47319/(-5916) - -8) is divided by 31?
10
Let s be 3 - 3/((-12)/(-8)). Let f be 3*s/((-6)/(-22)). Suppose 5*n - f - 24 = 0. What is the remainder when 15 is divided by n?
1
Let q = -342 - -346. Suppose -4*a - 2216 = -q*t, a + 2790 = -10*t + 15*t. What is the remainder when t is divided by 8?
7
Let q = 11 - -12. Let k(h) = 1007*h - 48331. What is the remainder when q is divided by k(48)?
3
Suppose 378*u - 4027 = 8069. Calculate the remainder when 31229 is divided by u.
29
Let h = 167 - 161. What is the remainder when 187 is divided by 5 + 1 + h + -3?
7
Let g(x) = 10*x - 53. Let a be g(16). Suppose -4*c + 142 = 2*p, -a = -3*c - 0*p - p. Calculate the remainder when ((-1)/(-2) + -1)*(-3816)/c is divided by 18.
17
Let z = 133 + -128. Suppose 3*a + 3*c = 78, 2*a = z*a - 3*c - 72. Calculate the remainder when 78 is divided by a.
3
Let z = -635 - -1776. What is the remainder when z is divided by 22?
19
Suppose -36688 - 24799 + 18315 = -43*v. Calculate the remainder when v is divided by 253.
245
Let c(g) = 12*g**2 - 4*g - 4. Suppose -7 = -2*n - 9. What is the remainder when 47 is divided by c(n)?
11
Suppose 3*d = -5*h - 2, 6*d - d + 26 = 3*h. Suppose n - 64 = 3*c, 2*n + 3*c = -h*n + 241. Calculate the remainder when n is divided by 2232/104 + 6/(-13).
19
What is the remainder when 38269 is divided by -18 + (-29)/(145/(-610))?
101
Let d(q) = q**3 + q**2 - 3*q + 3. Let h be d(2). Suppose 2*j - l - 184 = 0, -h*j + 10*j = -3*l + 99. What is the remainder when j is divided by 25?
18
Suppose 0 = 21*v - 24*v - 3*t + 1719, -2*v + 1194 = -10*t. What is the remainder when v is divided by 34?
33
Let x be (-6)/(-9)*(0 + 3). Let y(m) = 4 - m**x + 9 + 0. What is the remainder when 47 is divided by y(0)?
8
Suppose 4*z = -5*x + 1407, z + 5*x - 481 + 118 = 0. Let w = -242 + z. What is the remainder when 312 is divided by w?
100
Let f = -68 - -18. Let r = 55 + f. Suppose -4 = -q + r. Calculate the remainder when 9 is divided by q.
0
Let l(h) = 103*h - 2357. What is the remainder when 913 is divided by l(24)?
108
Suppose -2*g = v - 398, 5*g - 360*v - 968 = -358*v. Calculate the remainder when g is divided by 37.
11
Let m(i) = -i**3 - 53*i**2 + 29*i - 827. What is the remainder when m(-54) is divided by 33?
28
Let m be ((-20)/4)/((-1)/4). Suppose -m = -i + 19. What is the remainder when i is divided by (40/(-3))/((-18)/27)?
19
Calculate the remainder when 1946 is divided by 2744/16 + -22 - (-1)/2.
146
Let j(z) = -2*z**2 - 36*z - 7. Let q be j(-11). Let b = -101 + q. Calculate the remainder when 229 is divided by b.
45
Suppose -26*c - 16*c + 12*c + 2490 = 0. Calculate the remainder when 833 is divided by c.
3
Let v(y) = 4*y**2 - 17*y - 13. What is the remainder when 6250 is divided by v(-2)?
34
Suppose 408 = -2100*h + 2134*h. Calculate the remainder when 15 is divided by h.
3
Let o(m) = 42*m - 1626. Let q(l) = 16*l - 4. Calculate the remainder when q(3) is divided by o(39).
8
Let y = -3547 - -3559. Calculate the remainder when 530 is divided by y.
2
Let l(r) = -r**3 + 6*r**2 - 2*r - 6. Let t be l(5). Let y = 4410 + -4365. What is the remainder when 187/t - (-10)/y is divided by 10?
1
Suppose 4633*z + 210 = 4703*z. Suppose 5*m - 104 = 3*m. What is the remainder when m is divided by z?
1
Let p(g) = 2*g + 11. Let y be p(-4). Let h(f) = f + 2. Let c be h(y). Suppose 0 = -c*a - 27 + 42. Calculate the remainder when 7 is divided by a.
1
Let s(m) = m**3 + 23*m**2 + 44*m + 44. Let i be s(-21). Suppose -5*p = 2*j + 3*j - 770, 0 = i*p - j - 302. What is the remainder when p is divided by 51?
50
Suppose -3*r + 336 = 4*y - 402, -4*r + 2*y + 984 = 0. Let h = 361 - r. L